{"id":327,"date":"2025-12-03T12:23:16","date_gmt":"2025-12-03T11:23:16","guid":{"rendered":"https:\/\/audit-ucetni-zaverky.bedesign.cz\/audit-ucetni-zaverky\/?page_id=327"},"modified":"2025-12-03T12:23:28","modified_gmt":"2025-12-03T11:23:28","slug":"onas","status":"publish","type":"page","link":"https:\/\/audit-ucetni-zaverky.bedesign.cz\/audit-ucetni-zaverky\/onas\/","title":{"rendered":"N\u00e1\u0161 t\u00fdm"},"content":{"rendered":"\t\t<div data-elementor-type=\"wp-page\" data-elementor-id=\"327\" class=\"elementor elementor-327\" data-elementor-post-type=\"page\">\n\t\t\t\t<div class=\"elementor-element elementor-element-46374bdf e-flex e-con-boxed e-con e-parent\" data-id=\"46374bdf\" data-element_type=\"container\" data-settings=\"{&quot;background_background&quot;:&quot;classic&quot;}\">\n\t\t\t\t\t<div class=\"e-con-inner\">\n\t\t\t\t<div class=\"elementor-element elementor-element-50af3921 elementor-widget elementor-widget-heading\" data-id=\"50af3921\" data-element_type=\"widget\" data-widget_type=\"heading.default\">\n\t\t\t\t<div class=\"elementor-widget-container\">\n\t\t\t\t\t<h2 class=\"elementor-heading-title elementor-size-default\">N\u00e1\u0161 t\u00fdm<\/h2>\t\t\t\t<\/div>\n\t\t\t\t<\/div>\n\t\t\t\t<div class=\"elementor-element elementor-element-36a13c8f elementor-widget elementor-widget-heading\" data-id=\"36a13c8f\" data-element_type=\"widget\" data-widget_type=\"heading.default\">\n\t\t\t\t<div class=\"elementor-widget-container\">\n\t\t\t\t\t<h5 class=\"elementor-heading-title elementor-size-default\">Seznamte se s na\u0161\u00edm t\u00fdmem<\/h5>\t\t\t\t<\/div>\n\t\t\t\t<\/div>\n\t\t<div class=\"elementor-element elementor-element-35c72f99 e-con-full e-flex e-con e-child\" data-id=\"35c72f99\" data-element_type=\"container\">\n\t\t\t\t<div class=\"elementor-element elementor-element-17710863 elementor-widget-tablet__width-initial elementor-widget-mobile__width-inherit elementor-widget__width-initial elementor-position-top elementor-widget elementor-widget-image-box\" data-id=\"17710863\" data-element_type=\"widget\" data-widget_type=\"image-box.default\">\n\t\t\t\t<div class=\"elementor-widget-container\">\n\t\t\t\t\t<div class=\"elementor-image-box-wrapper\"><figure class=\"elementor-image-box-img\"><img fetchpriority=\"high\" decoding=\"async\" width=\"1024\" height=\"1024\" src=\"https:\/\/audit-ucetni-zaverky.bedesign.cz\/audit-ucetni-zaverky\/wp-content\/uploads\/2025\/12\/ChatGPT-Image-3.-12.-2025-11_54_15.png\" class=\"elementor-animation-grow attachment-full size-full wp-image-335\" alt=\"\" srcset=\"https:\/\/audit-ucetni-zaverky.bedesign.cz\/audit-ucetni-zaverky\/wp-content\/uploads\/2025\/12\/ChatGPT-Image-3.-12.-2025-11_54_15.png 1024w, https:\/\/audit-ucetni-zaverky.bedesign.cz\/audit-ucetni-zaverky\/wp-content\/uploads\/2025\/12\/ChatGPT-Image-3.-12.-2025-11_54_15-300x300.png 300w, https:\/\/audit-ucetni-zaverky.bedesign.cz\/audit-ucetni-zaverky\/wp-content\/uploads\/2025\/12\/ChatGPT-Image-3.-12.-2025-11_54_15-150x150.png 150w, https:\/\/audit-ucetni-zaverky.bedesign.cz\/audit-ucetni-zaverky\/wp-content\/uploads\/2025\/12\/ChatGPT-Image-3.-12.-2025-11_54_15-768x768.png 768w\" sizes=\"(max-width: 1024px) 100vw, 1024px\" \/><\/figure><div class=\"elementor-image-box-content\"><h4 class=\"elementor-image-box-title\">Ing. Iveta Dalerov\u00e1<\/h4><p class=\"elementor-image-box-description\">Finan\u010dn\u00ed \u00fa\u010detn\u00ed<\/p><\/div><\/div>\t\t\t\t<\/div>\n\t\t\t\t<\/div>\n\t\t\t\t<div class=\"elementor-element elementor-element-330803cc elementor-widget-tablet__width-initial elementor-widget-mobile__width-inherit elementor-widget__width-initial elementor-position-top elementor-widget elementor-widget-image-box\" data-id=\"330803cc\" data-element_type=\"widget\" data-widget_type=\"image-box.default\">\n\t\t\t\t<div class=\"elementor-widget-container\">\n\t\t\t\t\t<div class=\"elementor-image-box-wrapper\"><figure class=\"elementor-image-box-img\"><img decoding=\"async\" width=\"1024\" height=\"1024\" src=\"https:\/\/audit-ucetni-zaverky.bedesign.cz\/audit-ucetni-zaverky\/wp-content\/uploads\/2025\/12\/ChatGPT-Image-3.-12.-2025-12_03_46.png\" class=\"elementor-animation-grow attachment-full size-full wp-image-337\" alt=\"\" srcset=\"https:\/\/audit-ucetni-zaverky.bedesign.cz\/audit-ucetni-zaverky\/wp-content\/uploads\/2025\/12\/ChatGPT-Image-3.-12.-2025-12_03_46.png 1024w, https:\/\/audit-ucetni-zaverky.bedesign.cz\/audit-ucetni-zaverky\/wp-content\/uploads\/2025\/12\/ChatGPT-Image-3.-12.-2025-12_03_46-300x300.png 300w, https:\/\/audit-ucetni-zaverky.bedesign.cz\/audit-ucetni-zaverky\/wp-content\/uploads\/2025\/12\/ChatGPT-Image-3.-12.-2025-12_03_46-150x150.png 150w, https:\/\/audit-ucetni-zaverky.bedesign.cz\/audit-ucetni-zaverky\/wp-content\/uploads\/2025\/12\/ChatGPT-Image-3.-12.-2025-12_03_46-768x768.png 768w\" sizes=\"(max-width: 1024px) 100vw, 1024px\" \/><\/figure><div class=\"elementor-image-box-content\"><h4 class=\"elementor-image-box-title\">Employee Name<\/h4><p class=\"elementor-image-box-description\">Mzdov\u00e1 \u00fa\u010detn\u00ed<\/p><\/div><\/div>\t\t\t\t<\/div>\n\t\t\t\t<\/div>\n\t\t\t\t<div class=\"elementor-element elementor-element-363d92e elementor-widget-tablet__width-initial elementor-widget-mobile__width-inherit elementor-widget__width-initial elementor-position-top elementor-widget elementor-widget-image-box\" data-id=\"363d92e\" data-element_type=\"widget\" data-widget_type=\"image-box.default\">\n\t\t\t\t<div class=\"elementor-widget-container\">\n\t\t\t\t\t<div class=\"elementor-image-box-wrapper\"><figure class=\"elementor-image-box-img\"><img decoding=\"async\" width=\"1024\" height=\"1024\" src=\"https:\/\/audit-ucetni-zaverky.bedesign.cz\/audit-ucetni-zaverky\/wp-content\/uploads\/2025\/12\/ChatGPT-Image-3.-12.-2025-12_10_45.png\" class=\"elementor-animation-grow attachment-full size-full wp-image-339\" alt=\"\" srcset=\"https:\/\/audit-ucetni-zaverky.bedesign.cz\/audit-ucetni-zaverky\/wp-content\/uploads\/2025\/12\/ChatGPT-Image-3.-12.-2025-12_10_45.png 1024w, https:\/\/audit-ucetni-zaverky.bedesign.cz\/audit-ucetni-zaverky\/wp-content\/uploads\/2025\/12\/ChatGPT-Image-3.-12.-2025-12_10_45-300x300.png 300w, https:\/\/audit-ucetni-zaverky.bedesign.cz\/audit-ucetni-zaverky\/wp-content\/uploads\/2025\/12\/ChatGPT-Image-3.-12.-2025-12_10_45-150x150.png 150w, https:\/\/audit-ucetni-zaverky.bedesign.cz\/audit-ucetni-zaverky\/wp-content\/uploads\/2025\/12\/ChatGPT-Image-3.-12.-2025-12_10_45-768x768.png 768w\" sizes=\"(max-width: 1024px) 100vw, 1024px\" \/><\/figure><div class=\"elementor-image-box-content\"><h4 class=\"elementor-image-box-title\">Employee Name<\/h4><p class=\"elementor-image-box-description\">Job Title<\/p><\/div><\/div>\t\t\t\t<\/div>\n\t\t\t\t<\/div>\n\t\t\t\t<div class=\"elementor-element elementor-element-298a34ae elementor-widget-tablet__width-initial elementor-widget-mobile__width-inherit elementor-widget__width-initial elementor-position-top elementor-widget elementor-widget-image-box\" data-id=\"298a34ae\" data-element_type=\"widget\" data-widget_type=\"image-box.default\">\n\t\t\t\t<div class=\"elementor-widget-container\">\n\t\t\t\t\t<div class=\"elementor-image-box-wrapper\"><figure class=\"elementor-image-box-img\"><img loading=\"lazy\" decoding=\"async\" width=\"1024\" height=\"1024\" src=\"https:\/\/audit-ucetni-zaverky.bedesign.cz\/audit-ucetni-zaverky\/wp-content\/uploads\/2025\/12\/ChatGPT-Image-3.-12.-2025-12_01_13.png\" class=\"elementor-animation-grow attachment-full size-full wp-image-336\" alt=\"\" srcset=\"https:\/\/audit-ucetni-zaverky.bedesign.cz\/audit-ucetni-zaverky\/wp-content\/uploads\/2025\/12\/ChatGPT-Image-3.-12.-2025-12_01_13.png 1024w, https:\/\/audit-ucetni-zaverky.bedesign.cz\/audit-ucetni-zaverky\/wp-content\/uploads\/2025\/12\/ChatGPT-Image-3.-12.-2025-12_01_13-300x300.png 300w, https:\/\/audit-ucetni-zaverky.bedesign.cz\/audit-ucetni-zaverky\/wp-content\/uploads\/2025\/12\/ChatGPT-Image-3.-12.-2025-12_01_13-150x150.png 150w, https:\/\/audit-ucetni-zaverky.bedesign.cz\/audit-ucetni-zaverky\/wp-content\/uploads\/2025\/12\/ChatGPT-Image-3.-12.-2025-12_01_13-768x768.png 768w\" sizes=\"(max-width: 1024px) 100vw, 1024px\" \/><\/figure><div class=\"elementor-image-box-content\"><h4 class=\"elementor-image-box-title\">Employee Name<\/h4><p class=\"elementor-image-box-description\">Job Title<\/p><\/div><\/div>\t\t\t\t<\/div>\n\t\t\t\t<\/div>\n\t\t\t\t<div class=\"elementor-element elementor-element-1d31fc77 elementor-widget-tablet__width-initial elementor-widget-mobile__width-inherit elementor-widget__width-initial elementor-position-top elementor-widget elementor-widget-image-box\" data-id=\"1d31fc77\" data-element_type=\"widget\" data-widget_type=\"image-box.default\">\n\t\t\t\t<div class=\"elementor-widget-container\">\n\t\t\t\t\t<div class=\"elementor-image-box-wrapper\"><figure class=\"elementor-image-box-img\"><img loading=\"lazy\" decoding=\"async\" width=\"683\" height=\"600\" src=\"https:\/\/audit-ucetni-zaverky.bedesign.cz\/audit-ucetni-zaverky\/wp-content\/uploads\/2025\/12\/Image_Placeholder-13122021.jpg\" class=\"elementor-animation-grow attachment-full size-full wp-image-331\" alt=\"\" srcset=\"https:\/\/audit-ucetni-zaverky.bedesign.cz\/audit-ucetni-zaverky\/wp-content\/uploads\/2025\/12\/Image_Placeholder-13122021.jpg 683w, https:\/\/audit-ucetni-zaverky.bedesign.cz\/audit-ucetni-zaverky\/wp-content\/uploads\/2025\/12\/Image_Placeholder-13122021-300x264.jpg 300w\" sizes=\"(max-width: 683px) 100vw, 683px\" \/><\/figure><div class=\"elementor-image-box-content\"><h4 class=\"elementor-image-box-title\">Employee Name<\/h4><p class=\"elementor-image-box-description\">Job Title<\/p><\/div><\/div>\t\t\t\t<\/div>\n\t\t\t\t<\/div>\n\t\t\t\t<\/div>\n\t\t\t\t\t<\/div>\n\t\t\t\t<\/div>\n\t\t\t\t<\/div>\n\t\t","protected":false},"excerpt":{"rendered":"<p>N\u00e1\u0161 t\u00fdm Seznamte se s na\u0161\u00edm t\u00fdmem Ing. Iveta Dalerov\u00e1 Finan\u010dn\u00ed \u00fa\u010detn\u00ed Employee Name Mzdov\u00e1 \u00fa\u010detn\u00ed Employee Name Job Title Employee Name Job Title Employee Name Job Title<\/p>\n","protected":false},"author":4,"featured_media":0,"parent":0,"menu_order":0,"comment_status":"closed","ping_status":"closed","template":"","meta":{"footnotes":""},"class_list":["post-327","page","type-page","status-publish","hentry"],"_links":{"self":[{"href":"https:\/\/audit-ucetni-zaverky.bedesign.cz\/audit-ucetni-zaverky\/wp-json\/wp\/v2\/pages\/327","targetHints":{"allow":["GET"]}}],"collection":[{"href":"https:\/\/audit-ucetni-zaverky.bedesign.cz\/audit-ucetni-zaverky\/wp-json\/wp\/v2\/pages"}],"about":[{"href":"https:\/\/audit-ucetni-zaverky.bedesign.cz\/audit-ucetni-zaverky\/wp-json\/wp\/v2\/types\/page"}],"author":[{"embeddable":true,"href":"https:\/\/audit-ucetni-zaverky.bedesign.cz\/audit-ucetni-zaverky\/wp-json\/wp\/v2\/users\/4"}],"replies":[{"embeddable":true,"href":"https:\/\/audit-ucetni-zaverky.bedesign.cz\/audit-ucetni-zaverky\/wp-json\/wp\/v2\/comments?post=327"}],"version-history":[{"count":6,"href":"https:\/\/audit-ucetni-zaverky.bedesign.cz\/audit-ucetni-zaverky\/wp-json\/wp\/v2\/pages\/327\/revisions"}],"predecessor-version":[{"id":343,"href":"https:\/\/audit-ucetni-zaverky.bedesign.cz\/audit-ucetni-zaverky\/wp-json\/wp\/v2\/pages\/327\/revisions\/343"}],"wp:attachment":[{"href":"https:\/\/audit-ucetni-zaverky.bedesign.cz\/audit-ucetni-zaverky\/wp-json\/wp\/v2\/media?parent=327"}],"curies":[{"name":"wp","href":"https:\/\/api.w.org\/{rel}","templated":true}]}}